{"id":166,"date":"2023-12-18T15:19:07","date_gmt":"2023-12-18T14:19:07","guid":{"rendered":"https:\/\/mtl-issoudun.fr\/?page_id=166"},"modified":"2023-12-18T15:24:46","modified_gmt":"2023-12-18T14:24:46","slug":"mentions-legales","status":"publish","type":"page","link":"https:\/\/mtl-issoudun.fr\/index.php\/mentions-legales\/","title":{"rendered":"Mentions l\u00e9gales"},"content":{"rendered":"<h3><strong>Mentions l\u00e9gales<\/strong><\/h3>\n<p>&nbsp;<\/p>\n<p><strong>Ce site est \u00e9dit\u00e9 par :<\/strong><\/p>\n<p>SCI M.T.L.,\u00a0domicili\u00e9e \u00e0 Issoudun (36)<\/p>\n<p>RCS : 522 076 765 RCS Ch\u00e2teauroux<\/p>\n<p>T\u00e9l\u00e9phone : 06 86 87 91 56<\/p>\n<p>Mail : contact@mtl-issoudun.fr<\/p>\n<p>&nbsp;<\/p>\n<p><strong>Directeur de la publication : <\/strong><\/p>\n<p>SCI MTL<\/p>\n<p>&nbsp;<\/p>\n<p><strong>Ce site est h\u00e9berg\u00e9 par :<\/strong><\/p>\n<p>OVH &#8211; Si\u00e8ge social : 2 rue Kellermann &#8211; 59100 Roubaix &#8211; France<\/p>\n<p>&nbsp;<\/p>\n<p><strong>Conception du site :<\/strong><\/p>\n<p>Le site internet www.mtl-issoudun.fr a \u00e9t\u00e9 con\u00e7u par \u00ab\u00a0AD Com\u2019digitale\u00a0\u00bb : <a href=\"https:\/\/www.adcomdigitale.fr\/\">www.adcomdigitale.fr<\/a><\/p>\n<p>&nbsp;<\/p>\n<p><strong>Cr\u00e9dits photo :<\/strong><\/p>\n<p>Les photos professionnelles du site ont \u00e9t\u00e9 r\u00e9alis\u00e9es par nos soins ou par achat d&rsquo;images sur banque d&rsquo;images gratuites Pexels et Adobe Stock.<\/p>\n","protected":false},"excerpt":{"rendered":"<p>Mentions l\u00e9gales &nbsp; Ce site est \u00e9dit\u00e9 par : SCI M.T.L.,\u00a0domicili\u00e9e \u00e0 Issoudun (36) RCS : 522 076 765 RCS Ch\u00e2teauroux T\u00e9l\u00e9phone : 06 86 87 91 56 Mail :&#8230;<\/p>\n","protected":false},"author":1,"featured_media":0,"parent":0,"menu_order":0,"comment_status":"closed","ping_status":"closed","template":"","meta":{"footnotes":""},"class_list":["post-166","page","type-page","status-publish"],"yoast_head":"<!-- This site is optimized with the Yoast SEO plugin v21.7 - https:\/\/yoast.com\/wordpress\/plugins\/seo\/ -->\n<title>Mentions l\u00e9gales - MTL Services logistiques Issoudun<\/title>\n<meta name=\"robots\" content=\"index, follow, max-snippet:-1, max-image-preview:large, max-video-preview:-1\" \/>\n<link rel=\"canonical\" href=\"https:\/\/mtl-issoudun.fr\/index.php\/mentions-legales\/\" \/>\n<meta property=\"og:locale\" content=\"fr_FR\" \/>\n<meta property=\"og:type\" content=\"article\" \/>\n<meta property=\"og:title\" content=\"Mentions l\u00e9gales - MTL Services logistiques Issoudun\" \/>\n<meta property=\"og:description\" content=\"Mentions l\u00e9gales &nbsp; Ce site est \u00e9dit\u00e9 par : SCI M.T.L.,\u00a0domicili\u00e9e \u00e0 Issoudun (36) RCS : 522 076 765 RCS Ch\u00e2teauroux T\u00e9l\u00e9phone : 06 86 87 91 56 Mail :...\" \/>\n<meta property=\"og:url\" content=\"https:\/\/mtl-issoudun.fr\/index.php\/mentions-legales\/\" \/>\n<meta property=\"og:site_name\" content=\"MTL Services logistiques Issoudun\" \/>\n<meta property=\"article:modified_time\" content=\"2023-12-18T14:24:46+00:00\" \/>\n<meta name=\"twitter:card\" content=\"summary_large_image\" \/>\n<meta name=\"twitter:label1\" content=\"Dur\u00e9e de lecture estim\u00e9e\" \/>\n\t<meta name=\"twitter:data1\" content=\"1 minute\" \/>\n<script type=\"application\/ld+json\" class=\"yoast-schema-graph\">{\"@context\":\"https:\/\/schema.org\",\"@graph\":[{\"@type\":\"WebPage\",\"@id\":\"https:\/\/mtl-issoudun.fr\/index.php\/mentions-legales\/\",\"url\":\"https:\/\/mtl-issoudun.fr\/index.php\/mentions-legales\/\",\"name\":\"Mentions l\u00e9gales - MTL Services logistiques Issoudun\",\"isPartOf\":{\"@id\":\"https:\/\/mtl-issoudun.fr\/#website\"},\"datePublished\":\"2023-12-18T14:19:07+00:00\",\"dateModified\":\"2023-12-18T14:24:46+00:00\",\"breadcrumb\":{\"@id\":\"https:\/\/mtl-issoudun.fr\/index.php\/mentions-legales\/#breadcrumb\"},\"inLanguage\":\"fr-FR\",\"potentialAction\":[{\"@type\":\"ReadAction\",\"target\":[\"https:\/\/mtl-issoudun.fr\/index.php\/mentions-legales\/\"]}]},{\"@type\":\"BreadcrumbList\",\"@id\":\"https:\/\/mtl-issoudun.fr\/index.php\/mentions-legales\/#breadcrumb\",\"itemListElement\":[{\"@type\":\"ListItem\",\"position\":1,\"name\":\"Accueil\",\"item\":\"https:\/\/mtl-issoudun.fr\/\"},{\"@type\":\"ListItem\",\"position\":2,\"name\":\"Mentions l\u00e9gales\"}]},{\"@type\":\"WebSite\",\"@id\":\"https:\/\/mtl-issoudun.fr\/#website\",\"url\":\"https:\/\/mtl-issoudun.fr\/\",\"name\":\"MTL Services logistiques Issoudun\",\"description\":\"Centre de stockage, aire de stationnement\",\"publisher\":{\"@id\":\"https:\/\/mtl-issoudun.fr\/#organization\"},\"potentialAction\":[{\"@type\":\"SearchAction\",\"target\":{\"@type\":\"EntryPoint\",\"urlTemplate\":\"https:\/\/mtl-issoudun.fr\/?s={search_term_string}\"},\"query-input\":\"required name=search_term_string\"}],\"inLanguage\":\"fr-FR\"},{\"@type\":\"Organization\",\"@id\":\"https:\/\/mtl-issoudun.fr\/#organization\",\"name\":\"MTL Services logistiques Issoudun\",\"url\":\"https:\/\/mtl-issoudun.fr\/\",\"logo\":{\"@type\":\"ImageObject\",\"inLanguage\":\"fr-FR\",\"@id\":\"https:\/\/mtl-issoudun.fr\/#\/schema\/logo\/image\/\",\"url\":\"https:\/\/mtl-issoudun.fr\/wp-content\/uploads\/2023\/04\/LOGO-FINAL.png\",\"contentUrl\":\"https:\/\/mtl-issoudun.fr\/wp-content\/uploads\/2023\/04\/LOGO-FINAL.png\",\"width\":1961,\"height\":947,\"caption\":\"MTL Services logistiques Issoudun\"},\"image\":{\"@id\":\"https:\/\/mtl-issoudun.fr\/#\/schema\/logo\/image\/\"}}]}<\/script>\n<!-- \/ Yoast SEO plugin. -->","yoast_head_json":{"title":"Mentions l\u00e9gales - MTL Services logistiques Issoudun","robots":{"index":"index","follow":"follow","max-snippet":"max-snippet:-1","max-image-preview":"max-image-preview:large","max-video-preview":"max-video-preview:-1"},"canonical":"https:\/\/mtl-issoudun.fr\/index.php\/mentions-legales\/","og_locale":"fr_FR","og_type":"article","og_title":"Mentions l\u00e9gales - MTL Services logistiques Issoudun","og_description":"Mentions l\u00e9gales &nbsp; Ce site est \u00e9dit\u00e9 par : SCI M.T.L.,\u00a0domicili\u00e9e \u00e0 Issoudun (36) RCS : 522 076 765 RCS Ch\u00e2teauroux T\u00e9l\u00e9phone : 06 86 87 91 56 Mail :...","og_url":"https:\/\/mtl-issoudun.fr\/index.php\/mentions-legales\/","og_site_name":"MTL Services logistiques Issoudun","article_modified_time":"2023-12-18T14:24:46+00:00","twitter_card":"summary_large_image","twitter_misc":{"Dur\u00e9e de lecture estim\u00e9e":"1 minute"},"schema":{"@context":"https:\/\/schema.org","@graph":[{"@type":"WebPage","@id":"https:\/\/mtl-issoudun.fr\/index.php\/mentions-legales\/","url":"https:\/\/mtl-issoudun.fr\/index.php\/mentions-legales\/","name":"Mentions l\u00e9gales - MTL Services logistiques Issoudun","isPartOf":{"@id":"https:\/\/mtl-issoudun.fr\/#website"},"datePublished":"2023-12-18T14:19:07+00:00","dateModified":"2023-12-18T14:24:46+00:00","breadcrumb":{"@id":"https:\/\/mtl-issoudun.fr\/index.php\/mentions-legales\/#breadcrumb"},"inLanguage":"fr-FR","potentialAction":[{"@type":"ReadAction","target":["https:\/\/mtl-issoudun.fr\/index.php\/mentions-legales\/"]}]},{"@type":"BreadcrumbList","@id":"https:\/\/mtl-issoudun.fr\/index.php\/mentions-legales\/#breadcrumb","itemListElement":[{"@type":"ListItem","position":1,"name":"Accueil","item":"https:\/\/mtl-issoudun.fr\/"},{"@type":"ListItem","position":2,"name":"Mentions l\u00e9gales"}]},{"@type":"WebSite","@id":"https:\/\/mtl-issoudun.fr\/#website","url":"https:\/\/mtl-issoudun.fr\/","name":"MTL Services logistiques Issoudun","description":"Centre de stockage, aire de stationnement","publisher":{"@id":"https:\/\/mtl-issoudun.fr\/#organization"},"potentialAction":[{"@type":"SearchAction","target":{"@type":"EntryPoint","urlTemplate":"https:\/\/mtl-issoudun.fr\/?s={search_term_string}"},"query-input":"required name=search_term_string"}],"inLanguage":"fr-FR"},{"@type":"Organization","@id":"https:\/\/mtl-issoudun.fr\/#organization","name":"MTL Services logistiques Issoudun","url":"https:\/\/mtl-issoudun.fr\/","logo":{"@type":"ImageObject","inLanguage":"fr-FR","@id":"https:\/\/mtl-issoudun.fr\/#\/schema\/logo\/image\/","url":"https:\/\/mtl-issoudun.fr\/wp-content\/uploads\/2023\/04\/LOGO-FINAL.png","contentUrl":"https:\/\/mtl-issoudun.fr\/wp-content\/uploads\/2023\/04\/LOGO-FINAL.png","width":1961,"height":947,"caption":"MTL Services logistiques Issoudun"},"image":{"@id":"https:\/\/mtl-issoudun.fr\/#\/schema\/logo\/image\/"}}]}},"_links":{"self":[{"href":"https:\/\/mtl-issoudun.fr\/index.php\/wp-json\/wp\/v2\/pages\/166","targetHints":{"allow":["GET"]}}],"collection":[{"href":"https:\/\/mtl-issoudun.fr\/index.php\/wp-json\/wp\/v2\/pages"}],"about":[{"href":"https:\/\/mtl-issoudun.fr\/index.php\/wp-json\/wp\/v2\/types\/page"}],"author":[{"embeddable":true,"href":"https:\/\/mtl-issoudun.fr\/index.php\/wp-json\/wp\/v2\/users\/1"}],"replies":[{"embeddable":true,"href":"https:\/\/mtl-issoudun.fr\/index.php\/wp-json\/wp\/v2\/comments?post=166"}],"version-history":[{"count":5,"href":"https:\/\/mtl-issoudun.fr\/index.php\/wp-json\/wp\/v2\/pages\/166\/revisions"}],"predecessor-version":[{"id":176,"href":"https:\/\/mtl-issoudun.fr\/index.php\/wp-json\/wp\/v2\/pages\/166\/revisions\/176"}],"wp:attachment":[{"href":"https:\/\/mtl-issoudun.fr\/index.php\/wp-json\/wp\/v2\/media?parent=166"}],"curies":[{"name":"wp","href":"https:\/\/api.w.org\/{rel}","templated":true}]}}